ainder when 14 is divided by b?
6
Suppose 75 = 2*q - q. Let b(d) = -2*d**2 - 9*d + 8. Let g be b(-6). Let j = q + g. What is the remainder when j is divided by 17?
14
Let q = 4 - 3. Suppose -h + q + 1 = 0. Calculate the remainder when 4 is divided by (2 + h)/(-1 + 3).
0
Let g(b) = -5*b + 7. Let q be g(2). Suppose 5*r = 25, -x + 11 = -0*r + 2*r. What is the remainder when 1 is divided by x*0/q + 1?
0
Let s = -1 - -5. Let t = -5 + s. What is the remainder when 35 is divided by 0 + 9/(2 + t)?
8
Let r(z) = z**3 - 4*z**2 - 9*z - 5. Calculate the remainder when 37 is divided by r(6).
11
Let c be (-2)/(-4) - (-21)/6. Suppose -3*g + c = -4*p, 3*g = 2*p - p + 10. Suppose t = p*t - 2. Calculate the remainder when 2 is divided by t.
0
Let w(n) = n - 3. Let j = 3 - -9. Calculate the remainder when w(j) is divided by 6.
3
Suppose -k = 3*k - 24. Let v = k + -3. Suppose 22 = v*d - d. Calculate the remainder when d is divided by 6.
5
Calculate the remainder when ((-1)/(-3))/(2/18) is divided by -7*((-1)/7)/(3/9).
0
Suppose 2*z - 944 = -2*z + 3*y, 231 = z - 2*y. Calculate the remainder when z is divided by 40.
39
Let o(c) = 6*c. Let m(z) = -3*z. Let t(k) = -13*m(k) - 6*o(k). Calculate the remainder when 33 is divided by t(4).
9
Suppose -5*f = -20, -4*k + 9*k = 5*f. What is the remainder when (7 + 3)/(k/18) is divided by 12?
9
Suppose l = -4*t + 133, 2*l + 31 = t + 3*l. What is the remainder when t is divided by 18?
16
Suppose -10*i - 133 = -553. Calculate the remainder when i is divided by 4/2 + -1 - -14.
12
Suppose 20 = y - 4*z, 2*y - 3*y - 3*z = 1. Suppose -a - 4*w = -31, 2*a + 4*w - 44 = 5*w. What is the remainder when a is divided by y?
7
Suppose -29 = -6*y + 25. What is the remainder when 61 is divided by y?
7
Let x(k) = -5*k**3 + k + 1. Let i be x(-1). Suppose -h - 196 = -i*h. What is the remainder when h is divided by 13?
10
Let d be 7 + (2/(-2))/(-1). Suppose -d*h + 256 = -4*h. Suppose -4*o + h = -0*o. Calculate the remainder when 46 is divided by o.
14
Let b(f) = -2*f + 4*f + 6 - f. What is the remainder when b(7) is divided by 4?
1
Let j be 2/5 + 1212/20. Let t = -42 + j. Calculate the remainder when t is divided by -1 - (-2 + 18/(-2)).
9
Suppose 5*z + p + 9 - 40 = 0, 16 = 2*z + 4*p. What is the remainder when 33 is divided by z?
3
Suppose 4*z - p - 76 = 4*p, 4*z - 3*p = 84. What is the remainder when z is divided by 13?
11
Suppose -4*m + 16 = 2*b, -3*m + m = -4*b + 2. Suppose 5*c + 16 = -m*s + 2*s, 5*s = -3*c + 8. Calculate the remainder when 23 is divided by s.
3
Suppose 0 = 2*b - 2*v + 6*v - 48, 0 = -5*v + 15. Let n = 25 - b. Calculate the remainder when 12 is divided by n.
5
Suppose -2*u = -k - 81 - 6, -2*u - k = -93. Calculate the remainder when 133 is divided by u.
43
Suppose 5*u - 2*u - 81 = 0. What is the remainder when 52 is divided by u?
25
Let n = -57 - -96. Let o(c) = -c**3 + 11*c**2 + c - 9. Let l be o(11). Suppose l*z - n = -z. Calculate the remainder when 24 is divided by z.
11
Let a = 7 - 3. Suppose 0 = -4*n - p + 96, 6*n - a*n - 2*p - 58 = 0. What is the remainder when n is divided by 9?
7
Let u be -4*((-2)/(-8) - -2). Let h be (13/(-3))/((-2)/(-6)). Let s = u - h. Calculate the remainder when s is divided by 3.
1
Calculate the remainder when 102 is divided by 4/18 - (3 + (-1020)/27).
32
Let l = 43 - 23. Suppose 0 = -6*t - 11 + 245. What is the remainder when t is divided by l?
19
Suppose -n + 0*a = -3*a - 31, -38 = -3*n - 2*a. Let g(f) = -f. Let j be g(1). What is the remainder when n is divided by 1 + 8/(j/(-1))?
7
Let g(h) = 4*h - 2. What is the remainder when g(5) is divided by 7?
4
Suppose -m = 3*m + 8. Let t be 2 - (-12)/((-4)/m). Let k = t + 24. Calculate the remainder when k is divided by 11.
10
Let c(j) be the first derivative of j**4/4 - 4*j**3/3 - 2*j**2 + 3*j - 2. Let i be c(4). Let v = i + 27. Calculate the remainder when 26 is divided by v.
12
Let u = -20 + 35. Suppose u = -0*o + 5*o. Suppose 2*k + 14 = o*a, 5*a - 3*a + 9 = 5*k. Calculate the remainder when 15 is divided by a.
7
Let y(f) = -f - 1. Let i = 12 + -20. What is the remainder when 20 is divided by y(i)?
6
Let f(u) = -5*u + 25. What is the remainder when 16 is divided by f(4)?
1
Suppose 0 = x - 0*y - 3*y - 10, y + 10 = -3*x. What is the remainder when x + 17 - (-4 - 0) is divided by 5?
4
Suppose -2*r + 5*r - 267 = 0. What is the remainder when r is divided by 15?
14
Suppose 4*u - 2*x = 12, -x = -4*u + 2*x + 14. Let i = u - -9. Suppose -2*p + 3*q - 10 = -68, -2*q = -2*p + 60. What is the remainder when p is divided by i?
10
Let h(r) be the second derivative of r**5/20 - r**4/4 + r**3/3 + r**2/2 + 8*r. Calculate the remainder when h(4) is divided by 13.
12
Suppose 48 - 18 = 3*f. Suppose 5*d = 6 - 1, 2*o + 3*d = -23. Let x = o - -32. Calculate the remainder when x is divided by f.
9
Let t = 46 + -30. Suppose 105 = 5*o - 50. Calculate the remainder when o is divided by t.
15
Let i be (-5 - -1)*(-22 - -3). Suppose -4*u + 4*r + 32 + i = 0, 4*u - 105 = 5*r. What is the remainder when u is divided by 11?
8
Suppose 4*d + 216 = 2*q + 3*d, -5*q + 3*d + 540 = 0. What is the remainder when q is divided by 37?
34
Suppose 2*a = r - 4, -r + 2 = -7*a + 3*a. Suppose 62 - 22 = -5*k. Let w(i) = i**2 + 7*i + 8. Calculate the remainder when w(k) is divided by r.
4
Let r(x) = 6*x**3 + x**2 - 10*x + 10. Let p(o) = -7*o**3 + 11*o - 10. Let b(u) = -5*p(u) - 6*r(u). Calculate the remainder when 5 is divided by b(-7).
1
Let z = 162 + -87. Suppose 5*c = -w - 12 + z, 5*c - 57 = w. What is the remainder when 23 is divided by c?
11
Suppose 0 = 2*i - 4*i + 8. Suppose 68 = -i*h + 368. Let a = h + -28. What is the remainder when a is divided by 16?
15
What is the remainder when 26 - -2 - (0 - 1) is divided by 16/(-10)*20/(-4)?
5
Calculate the remainder when 9 is divided by 8 + (-1 - (3 + -1)).
4
Suppose -c = 2*c - 108. Let r be 6/(-12) - (-98)/(-4). Let t = r - -38. Calculate the remainder when c is divided by t.
10
Let v = -143 - -201. Let r = v + -41. What is the remainder when 48 is divided by r?
14
Calculate the remainder when 16 is divided by -1 - -1 - (-3 + -3).
4
Let s(x) = -x**3 - x**2 - x + 30. Let i be s(0). Suppose 2*b - 5*b = -i. Calculate the remainder when 29 is divided by b.
9
Let z(y) = y**3 + 21*y**2 - 19*y + 35. Let t be z(-22). Let p(q) = -q - 62. Let f be p(0). Let j = t - f. What is the remainder when j is divided by 17?
14
Let y = 17 + -71. Let a = -25 - y. What is the remainder when 85 is divided by a?
27
Let x be (-9)/1 - (1 - 0). Let q(c) = -c**3 - 10*c**2 - c + 13. Calculate the remainder when 67 is divided by q(x).
21
Let v(b) = 20*b**2 - 2*b + 1. Let s(j) = j**2 + 11*j - 15. Calculate the remainder when v(1) is divided by s(-13).
8
Let o = 18 + -9. Let k = o + 40. Calculate the remainder when k is divided by 25.
24
Let h be ((-26)/4)/(2/(-100)). Suppose -13*b + 8*b = -h. What is the remainder when b is divided by 17?
14
Let h(q) = -q**3 + 7*q**2 + 10*q - 8. Let t = -11 + 19. Calculate the remainder when t/6*42/4 is divided by h(8).
6
Suppose -4*w = 2*y - 72, -y = -0*w + 3*w - 52. What is the remainder when w is divided by 6?
4
Suppose -2*s + 21 = -5*s. Let p(r) = -3*r + 9. Calculate the remainder when p(s) is divided by 11.
8
Suppose 70 = -0*k + 2*k. Let j = k + -15. What is the remainder when 39 is divided by j?
19
Let c be -2 - (-2 - -6 - 6). Suppose c = 3*z + d - 4, 5*d - 28 + 68 = 5*z. Calculate the remainder when 6 is divided by z.
0
What is the remainder when (-4032)/(-49) - 4/14 is divided by 28?
26
Let i(j) be the third derivative of 3*j**4/8 - j**3/3 - j**2. Let h be i(-4). What is the remainder when (-5 - h) + 2/(-2) is divided by 11?
10
Let z = -1 + 2. Let d(h) = h**2 - h + 1. Let v(l) = -l**3 + l**2 + 8*l - 8. Let g(j) = z*v(j) + 3*d(j). Calculate the remainder when 27 is divided by g(4).
12
Suppose 5*g + 6 = -i + 27, -g + 3*i = -17. Suppose -5*v - 8*a = -3*a - 80, 4*v = -g*a + 62. Calculate the remainder when v is divided by (60/16)/(3/8).
8
Suppose -226 = -4*c - 78. Suppose 3*n + v - 26 = 0, 4*n - v = -0*v + c. What is the remainder when 17 is divided by n?
8
Let m(y) = -y + 57. What is the remainder when 239 is divided by m(17)?
39
Let s = 160 - 134. What is the remainder when (68/(-10))/(1/(-15)) is divided by s?
24
Calculate the remainder when 2